9 and 1305?
29
Calculate the greatest common divisor of 220 and 30.
10
What is the greatest common divisor of 1694 and 14?
14
What is the greatest common factor of 8 and 2924?
4
Calculate the highest common factor of 73 and 11023.
73
What is the highest common factor of 744 and 600?
24
What is the highest common divisor of 9313 and 278?
139
Calculate the highest common divisor of 720 and 225.
45
What is the greatest common divisor of 90 and 198?
18
What is the greatest common factor of 582 and 12?
6
Calculate the highest common divisor of 270 and 50.
10
Calculate the highest common divisor of 6 and 1540.
2
Calculate the highest common factor of 1827 and 126.
63
What is the highest common factor of 1028 and 4?
4
What is the highest common factor of 76 and 494?
38
What is the greatest common divisor of 74 and 26714?
74
Calculate the highest common factor of 464 and 1480.
8
Calculate the highest common divisor of 4648 and 747.
83
Calculate the highest common factor of 10 and 355.
5
What is the highest common divisor of 1032 and 16?
8
What is the greatest common factor of 555 and 405?
15
Calculate the greatest common divisor of 40 and 30.
10
What is the greatest common factor of 520 and 340?
20
What is the greatest common divisor of 5592 and 48?
24
Calculate the highest common divisor of 45 and 1515.
15
Calculate the highest common factor of 182 and 598.
26
What is the greatest common divisor of 108 and 7596?
36
What is the greatest common divisor of 5 and 4?
1
Calculate the greatest common divisor of 15 and 7230.
15
What is the greatest common divisor of 12 and 29?
1
What is the greatest common factor of 24 and 120?
24
What is the highest common factor of 49 and 1421?
49
What is the greatest common factor of 280 and 168?
56
Calculate the highest common divisor of 567 and 42.
21
What is the greatest common factor of 20 and 135?
5
What is the highest common divisor of 110 and 40?
10
What is the highest common divisor of 1278 and 144?
18
Calculate the greatest common factor of 54 and 108.
54
Calculate the greatest common divisor of 162 and 10.
2
What is the highest common factor of 240 and 70?
10
Calculate the highest common factor of 10 and 145.
5
What is the greatest common factor of 15 and 285?
15
Calculate the highest common divisor of 15 and 285.
15
Calculate the highest common divisor of 150 and 840.
30
What is the highest common divisor of 2 and 37?
1
What is the highest common factor of 4148 and 289?
17
Calculate the highest common factor of 2023 and 34.
17
Calculate the greatest common divisor of 80558 and 94.
94
What is the highest common factor of 55 and 7205?
55
What is the greatest common factor of 96 and 66?
6
What is the highest common divisor of 12549 and 801?
267
Calculate the greatest common divisor of 319 and 725.
29
What is the greatest common factor of 824 and 721?
103
What is the greatest common factor of 210 and 4270?
70
What is the greatest common factor of 1257 and 6?
3
What is the greatest common factor of 57 and 76?
19
Calculate the greatest common factor of 3 and 129.
3
What is the greatest common factor of 120 and 1140?
60
Calculate the highest common divisor of 162 and 6966.
162
Calculate the highest common divisor of 43 and 3.
1
Calculate the greatest common factor of 8010 and 180.
90
Calculate the highest common factor of 3090 and 90.
30
Calculate the highest common divisor of 328 and 11644.
164
Calculate the greatest common divisor of 52 and 572.
52
Calculate the greatest common divisor of 1236 and 1751.
103
Calculate the highest common divisor of 22 and 594.
22
Calculate the greatest common divisor of 8382 and 66.
66
What is the greatest common divisor of 245 and 2891?
49
What is the greatest common divisor of 1363 and 141?
47
Calculate the highest common factor of 10038 and 210.
42
What is the greatest common factor of 140 and 760?
20
Calculate the greatest common divisor of 184 and 12.
4
What is the greatest common divisor of 2 and 16634?
2
What is the highest common factor of 83 and 14608?
83
What is the greatest common factor of 437 and 46?
23
Calculate the highest common factor of 5967 and 39.
39
What is the highest common factor of 8088 and 48?
24
What is the highest common divisor of 460 and 138?
46
Calculate the highest common factor of 76 and 20.
4
What is the highest common divisor of 107 and 1498?
107
Calculate the highest common divisor of 2373 and 105.
21
What is the greatest common factor of 175 and 20?
5
Calculate the greatest common factor of 8 and 36.
4
What is the greatest common divisor of 1332 and 288?
36
Calculate the greatest common factor of 32 and 768.
32
What is the greatest common factor of 24 and 408?
24
What is the highest common factor of 48 and 13308?
12
Calculate the highest common factor of 19 and 3496.
19
What is the highest common factor of 1853 and 17?
17
What is the greatest common factor of 22 and 1111?
11
What is the highest common divisor of 45 and 1971?
9
Calculate the greatest common divisor of 1856 and 58.
58
Calculate the greatest common divisor of 570 and 3914.
38
What is the highest common factor of 660 and 120?
60
Calculate the highest common factor of 33 and 671.
11
What is the highest common divisor of 29 and 3770?
29
What is the highest common divisor of 177 and 1711?
59
What is the greatest common divisor of 81 and 783?
27
Calculate the highest common divisor of 108 and 14958.
54
What is the highest common divisor of 30 and 3930?
30
Calculate the highest common divisor of 15 and 57.
3
Calculate the greatest common factor of 764 and 26167.
191
Calculate the highest common factor of 40 and 80.
40
Calculate the greatest common factor of 10 and 470.
10
Calculate the greatest common factor of 6 and 32.
2
Calculate the highest common divisor of 15441 and 3.
3
What is the greatest common factor of 245 and 21?
7
What is the greatest common factor of 208 and 884?
52
What is the greatest common factor of 95 and 5605?
95
What is the greatest common divisor of 51 and 119?
17
Calculate the greatest common divisor of 64 and 35072.
64
What is the highest common divisor of 69 and 1104?
69
Calculate the greatest common divisor of 276 and 92.
92
Calculate the highest common factor of 11 and 6017.
11
Calculate the highest common divisor of 2356 and 31.
31
Calculate the greatest common divisor of 36 and 72.
36
Calculate the highest common divisor of 9 and 317.
1
Calculate the highest common factor of 1157 and 78.
13
Calculate the highest common factor of 775 and 25.
25
What is the highest common divisor of 3510 and 540?
270
Calculate the greatest common factor of 96 and 3.
3
What is the highest common divisor of 36 and 9?
9
Calculate the greatest common factor of 67 and 1.
1
What is the highest common factor of 2201 and 71?
71
Calculate the greatest common divisor of 13221 and 78.
39
What is the greatest common divisor of 102 and 7242?
102
What is the greatest common divisor of 18 and 278?
2
What is the greatest common divisor of 128 and 4192?
32
What is the greatest common factor of 231 and 33?
33
What is the highest common factor of 665 and 5?
5
What is the highest common divisor of 11 and 781?
11
Calculate the highest common factor of 137 and 10823.
137
Calculate the greatest common factor of 4536 and 16.
8
What is the highest common factor of 1849 and 43?
43
What is the greatest common divisor of 156 and 96?
12
What is the greatest common divisor of 77 and 35?
7
What is the highest common divisor of 5 and 3?
1
What is the highest common factor of 908 and 16?
4
Calculate the highest common factor of 88 and 286.
22
Calculate the highest common divisor of 40 and 16.
8
What is the highest common factor of 155 and 217?
31
What is the greatest common divisor of 72 and 4?
4
What is the highest common factor of 828 and 132?
12
What is the highest common factor of 400 and 3780?
20
Calculate the highest common divisor of 74 and 10027.
37
What is the highest common factor of 153 and 6800?
17
Calculate the greatest common divisor of 1080 and 195.
15
What is the greatest common divisor of 70 and 126?
14
What is the highest common divisor of 294 and 1274?
98
Calculate the highest common divisor of 456 and 4332.
228
Calculate the greatest common factor of 50 and 575.
25
What is the greatest c